r when (22/4)/(w/(-4)) is divided by 4.
3
Let c(a) = -a**2 - 9*a - 4. Suppose 0*d = 5*d + 2*y - 133, y = 4*d - 96. Let p = d + -7. What is the remainder when p is divided by c(-7)?
8
Suppose -23 = 3*t - 0*f - f, 3*t + 8 = -2*f. Calculate the remainder when (1 - -3)*(-3)/t is divided by 1.
0
Calculate the remainder when (1/2)/((-7)/28) + 80 is divided by 21.
15
Suppose 4*b + 37 = 161. Calculate the remainder when b is divided by 11.
9
Let v(s) = s**2 - 6*s. Calculate the remainder when v(15) is divided by 23.
20
Suppose 0*u + 2*u - 22 = 0. What is the remainder when 30 is divided by u?
8
Suppose 355 - 85 = 5*z. Calculate the remainder when z is divided by 19.
16
Let z(i) = -i**3 + 6*i**2 - 4*i + 2. Suppose 3*p = -3*x + 12, 3*p + 30 = 2*x + 2*x. Calculate the remainder when z(2) is divided by x.
4
Suppose 0*w = w + 14. Suppose 4*o = -0*o + 32. Calculate the remainder when (w/5)/((-1)/5) is divided by o.
6
Suppose -3*p + 4*p = 3*w - 15, 6 = -2*p. Suppose 0 = -5*y - 4*o + 2*o + 62, 0 = -w*y - o + 52. Let v = 32 + -27. Calculate the remainder when y is divided by v.
4
Suppose -z + 2*z = 2*m - 9, 4*m - 5*z = 21. Calculate the remainder when 23 is divided by m.
3
Let o(n) = n**2 + 5*n - 10. Let q be o(-7). Suppose -p + q = -24. Let z(h) = h**2 - 5*h - 9. What is the remainder when p is divided by z(8)?
13
Suppose -5*c + 9 = 2*r, -4*r - 21 = -3*c + 26. Let j = r + 16. Calculate the remainder when 14 is divided by j.
6
Let j be 10 - (-1 + (-1)/(-1)). Let i = 28 - 18. Calculate the remainder when i is divided by 22/5 + (-4)/j.
2
Let l be (-4)/3*(-18)/(-6). Let d = 7 - l. What is the remainder when d is divided by (4 - -1) + (1 - 0)?
5
Let q = -41 + 27. Let y = q - -25. Suppose 4*g - 135 = -5*z, -g = -0*z + z - 26. What is the remainder when z is divided by y?
9
Suppose -c - 3 + 2 = 0. Calculate the remainder when 47 + (2/2 - c) is divided by 13.
10
Suppose s - 4*b - 9 = 0, 0*s - 10 = -3*s - 5*b. Suppose -s - 45 = -o. What is the remainder when o is divided by 17?
16
Let m(y) = -y. Let l be m(-4). Suppose 2*v = l*d + d - 243, v + 192 = 4*d. Calculate the remainder when d is divided by 10.
7
Let s(g) = g**2 + g - 2. Let b be s(3). Let q = -1 - -1. Let c = b + q. Calculate the remainder when c is divided by 4.
2
Let k = -3 + 3. Suppose j - 3*h = 0, -4*j + j - 5*h + 28 = k. Suppose -4*s + 16 = -0*s. Calculate the remainder when j is divided by s.
2
Let h be (-4)/6 - 96/18. What is the remainder when (-791)/(-35) + h/10 is divided by 6?
4
Let o = 2 + 3. What is the remainder when 77/6 + (-25)/(-150) is divided by o?
3
Suppose -2*l - l = -5*d - 23, 3*d = -3*l + 15. Suppose 0 = 4*z - 70 - l. Calculate the remainder when z is divided by 7.
5
Suppose -5*j = 33 + 37. Let h = j - -25. Calculate the remainder when 19 is divided by h.
8
Calculate the remainder when 72 is divided by (-42 + (-4 - -8))/(-2).
15
Let b(x) = x**3 + 5*x**2 + 4*x + 6. Let w be b(-4). Let d(q) = -q**3 + 5*q**2 + 8*q + 2. What is the remainder when d(w) is divided by 8?
6
Suppose -2*k - 3*k + 145 = 0. Calculate the remainder when k is divided by 10.
9
Let b(k) = -k + 6. Calculate the remainder when 10 is divided by b(0).
4
Suppose -d - 6 = -0*l + 2*l, -4*d - 8 = 4*l. Calculate the remainder when 9 is divided by d.
1
Suppose c = -l + 5, 2*l + 2*l - 20 = 4*c. Let t = 0 + c. Suppose t*s + 2*s = 28. Calculate the remainder when 26 is divided by s.
12
Let h = 31 - 17. Suppose -h = -2*j + j. Calculate the remainder when j is divided by 8.
6
Let k = 33 + 3. Suppose -16 + 81 = 5*m. What is the remainder when k is divided by m?
10
Let p = 3 - 1. Suppose -1 = p*w - 37. What is the remainder when w is divided by 4?
2
Let d(q) = -q**3 - 6*q**2 - 5*q + 4. Let z be d(-5). Suppose 2*o = 2*p - 29 - 9, z = -2*o. What is the remainder when p is divided by 6?
5
Let o = 7 + 5. Let b(f) = f**3 - 10*f**2 + 9*f + 8. Let p be b(9). Let i(u) = -u**3 + 8*u**2 + 5*u + 5. What is the remainder when i(p) is divided by o?
9
Let t be ((-2)/(-2))/(-1) + 5. Calculate the remainder when ((-6)/15)/((-1)/25) is divided by (-1 - -2) + t + 1.
4
Suppose -7*y + 3*y + 92 = 0. Suppose v + 0*v + 5*f - 29 = 0, 37 = 3*v + 5*f. Calculate the remainder when y is divided by v.
3
Let n = 43 + -41. Suppose j - 2*j = -4. Suppose 4*p - j*v - 32 = 0, -2*p = -0*p - 4*v - 26. Calculate the remainder when p is divided by n.
1
Suppose 0*o - 32 = -2*o. Calculate the remainder when (0 - -1)*(-2 + 48) is divided by o.
14
Let u(f) = f**3 + 27*f**2 + 22*f + 45. What is the remainder when u(-26) is divided by 25?
24
Let z(q) = 3*q + 6. Let f be z(-6). Let y = f - -23. Let l(o) = -32*o**3 + o + 1. What is the remainder when l(-1) is divided by y?
10
Let p(k) = -k**3 + 6*k**2 + 19*k - 10. Let z(a) = 2*a**3 - 3*a**2 - 3*a + 2. Let r be z(3). What is the remainder when (r/3)/(1/6) is divided by p(8)?
12
Suppose 4*b + 140 = 4*l, 4*l + 0*l + 5*b = 104. Calculate the remainder when 59 is divided by l.
28
Calculate the remainder when (-1710)/12*((-10)/6 + 1) is divided by 20.
15
Suppose -23 = 3*a - 80. Calculate the remainder when (-6)/(-9) - (-166)/3 is divided by a.
18
Let i be (-6)/(-4) + (-1)/(-2). Suppose 48 = 5*h - i. Suppose 0*f + h = 3*f - 4*v, 0 = 3*f + 3*v - 24. What is the remainder when 10 is divided by f?
4
Let z(l) = l + 23. Calculate the remainder when 74 is divided by z(-10).
9
Let m(g) = -3*g - 8. Calculate the remainder when m(-16) is divided by 16.
8
Let d = -6 - -13. Let h(w) = w**3 - 7*w**2 - w + 8. Let r be h(d). Let s = r - -10. Calculate the remainder when 32 is divided by s.
10
Suppose z - 9 = 29. Let l = 36 - 26. What is the remainder when z is divided by l?
8
What is the remainder when 14/77 - (-166)/(-44)*-14 is divided by 18?
17
Suppose 0*y - 5*j = 2*y - 4, 5*j + 44 = 2*y. Calculate the remainder when 35 is divided by y.
11
Let k(l) = 5*l**2 - 3*l. Suppose -u + 11 = 3*o, -5*u + 21 = -0*o - 2*o. Calculate the remainder when 27 is divided by k(o).
13
Let l(f) = 4*f - 14. What is the remainder when 76 is divided by l(10)?
24
What is the remainder when (-7)/(-35) + (-119)/(-5) is divided by 13?
11
Suppose -y + 11 = 2*m, 2*m + 6 = 4*y - 8. Suppose 9 = a - 0*a. Calculate the remainder when a is divided by y.
4
Let v = 46 + -31. Suppose 5*j + v = 0, 3*r - 44 = -2*r + 3*j. Calculate the remainder when r is divided by 3.
1
Let d = -9 + 15. Let u = -15 + 19. Calculate the remainder when d is divided by u.
2
Let s be (30/(-20))/(2/(-4)). Let a = s - -6. Calculate the remainder when a is divided by 3.
0
Let v(g) = 34*g - 2. Calculate the remainder when v(2) is divided by 23.
20
Let q(t) = -t + 3 - 3 + 13. Let o be q(10). Suppose o*n + 47 = 2*a, 4*n = 3*n - 5. Calculate the remainder when a is divided by 9.
7
Suppose 3*h = -5*c + h + 41, 0 = 4*c - 2*h - 40. Calculate the remainder when 18 is divided by c.
0
Let c(a) = 5*a + 15. What is the remainder when 88 is divided by c(0)?
13
Let k = -37 - -61. Suppose -50 + 13 = -3*r - 2*c, 2*c - k = -2*r. What is the remainder when 38 is divided by r?
12
Let l = 1 - -2. Suppose l*m + 0 = 12. Suppose 4*y = 14*y - 130. Calculate the remainder when y is divided by m.
1
Suppose 3*q - 6 + 3 = 0. Let m be (-43)/(-2)*q*2. Suppose 8*a + 4*g - m = 3*a, 0 = 2*a + 5*g - 24. Calculate the remainder when a is divided by 3.
1
Let m = 9 - 1. What is the remainder when m is divided by 45/(-20)*-4 - 4?
3
Suppose -5*w = -s + 19, 5*s - 2*w - 26 = -0*s. Suppose -5*p = 5*f + 25, -1 = 5*f - s*p - 3. Calculate the remainder when 14 is divided by 0 + f/2 + 9.
6
Suppose -5*r + 3*r = o - 41, -4*o + 76 = 4*r. Calculate the remainder when r is divided by 12.
10
Suppose -h - 4 = 4*v - 20, 2*v = 2. Suppose -4*m + f + 2*f + 79 = 0, -5*m + 116 = 2*f. What is the remainder when m is divided by h?
10
Let g = 6 + 0. Suppose 0 = 2*t - g, i + 53 = 5*i - 5*t. What is the remainder when i is divided by 10?
7
Suppose 0 = a + 5*p - 17 - 12, -2*a + 3*p + 32 = 0. Suppose -3*l - 5*n + 60 = 2*l, 2*n = 5*l - 46. Calculate the remainder when a is divided by l.
9
Let k = -135 + 175. Let h(a) = a**2 + 4*a + 9. What is the remainder when k is divided by h(-6)?
19
Let s(r) = -2*r**2 - r + 16. Let p be s(5). Let t = 23 - p. Calculate the remainder when t is divided by 16.
14
Let n(i) = 3*i**2 + 2 - i**2 - 1 - i**2. Let h(q) = 5*q**3 - 3*q**2 - 2*q - 4. 